= 11. Calculate the remainder when 14 is divided by m.
2
Let k = -31 - -44. Calculate the remainder when 24 is divided by k.
11
Let d be (8 + -5)*2/3. Suppose 5*x = -n + 144, -d*x - n + 86 = x. Suppose 106 = 5*o + c, 5*o - 2*c + x = 147. Calculate the remainder when o is divided by 12.
10
Let o be (-6)/27 - 28/36. Let b = 1 - o. Calculate the remainder when 5 is divided by b.
1
Let x = -6 + 10. Suppose -4*j + 3*q = -143, x*j + 2*q - 196 = -j. What is the remainder when ((-1)/(-2))/(1/j) is divided by 10?
9
Suppose 3*y + 4*i - 4 = 0, 0*i - 10 = -3*y - i. Calculate the remainder when y is divided by (-100)/(-56)*2 - (-12)/(-21).
1
Let g(v) = -v**3 + 4*v - 3. Let n be g(2). Calculate the remainder when 31 is divided by n/18*2*-51.
14
Let i(v) = -v**3 + 3*v**2 + 4*v - 2. Let n be i(4). What is the remainder when (28/8)/(n/(-8)) is divided by 8?
6
Let h(y) = -y**2 + 11*y - 4. Let a be h(10). Let i(m) = 2*m - 5. Calculate the remainder when i(a) is divided by 0 - (-2 - (-4)/(-2)).
3
Suppose 0 = 4*c + 9 + 7. Let o = 10 + c. What is the remainder when o is divided by 4?
2
Let f = 822 + -514. Suppose -5*v + f = -v. What is the remainder when v is divided by 26?
25
Let j = 65 + -42. Calculate the remainder when 40 is divided by j.
17
Suppose 5*t - 95 = -5*l, -1 = -l + 5*t - 6. Let o be 8/20 + (-4)/10. Suppose w - 8 + o = 0. What is the remainder when l is divided by w?
7
Let g(z) = 6*z - 5. Let v(t) = 3*t**3 - 3*t**2 + 1. Calculate the remainder when g(7) is divided by v(2).
11
Let r(c) = c**3 - 11*c**2 + 14*c + 9. Let k be 2/(-4) + (-51)/(-6). Suppose -2*u = -26 - k. Calculate the remainder when r(10) is divided by u.
15
Let a be 1/5 - (-3296)/20. Suppose 0*v - 3*v + a = 0. What is the remainder when v is divided by 19?
17
Suppose 66 = 3*u - 138. Let g = 13 + -27. What is the remainder when 13 is divided by u/14 - 2/g?
3
Let o(b) = 12*b**2 + 2*b - 2. What is the remainder when o(2) is divided by 26?
24
Let q(a) = -a - 2. Let l be (-1*1)/(2/6). Let x be q(l). Let f = x + 19. Calculate the remainder when f is divided by 7.
6
Let d(c) = 4*c + 5. What is the remainder when 81 is divided by d(4)?
18
Let i(z) = -4*z + 5. Let s = 79 + -17. Suppose p - 5*t - 32 = -0*p, 2*t = -4*p + s. Calculate the remainder when i(-7) is divided by p.
16
Suppose -5*s + 3*s = -54. Calculate the remainder when s is divided by 15.
12
Let l be 3*2/3*1. Suppose -2*q = 4*c + 64, -4*q - l*c - 134 = -0*q. Let t = -13 - q. Calculate the remainder when 61 is divided by t.
19
Suppose -5*o + 20 = 0, 36 = 3*u - 3*o + 12. Let i(b) = -b**2 + 13*b + 6. Suppose -170 = -0*w - 5*w. Calculate the remainder when w is divided by i(u).
16
Suppose -w - 164 = -2*n - 5*w, -3*w - 87 = -n. Suppose -4*o - 16 = -n. Calculate the remainder when o is divided by 5.
2
Suppose q = -3*s + 116, -5*s = -q - 192 - 4. Calculate the remainder when s is divided by 20.
19
Let l(i) = i**2 - 3*i - 4. Calculate the remainder when 40 is divided by l(-2).
4
Suppose -19 = -3*f + 2*f. Calculate the remainder when 4/4 - (-72)/2 is divided by f.
18
Let g(f) = -f**2 - 9*f - 4. Calculate the remainder when g(-4) is divided by 10.
6
Let o(g) = -g - 3. Suppose 14 + 16 = -5*q. Suppose -2*b = -8 - 6. What is the remainder when b is divided by o(q)?
1
Let b(r) be the first derivative of r**3/3 - r**2 - 7*r - 1. Let n(m) = -m**3 + 7*m**2 - 6*m - 5. What is the remainder when b(-5) is divided by n(5)?
13
Let i(c) = -c**3 - 6*c**2 + c - 18. What is the remainder when 41 is divided by i(-7)?
17
Suppose 351 = 2*v + 11*v. What is the remainder when v is divided by 4?
3
Let l(q) = 5*q**2 + 3*q + 1. Calculate the remainder when 29 is divided by l(-2).
14
What is the remainder when 73 is divided by 3 - (2*-16)/2?
16
Let q(y) = -9*y + 11. Calculate the remainder when 111 is divided by q(-3).
35
Let u(o) = o**3 - 4*o**2 - 4*o - 3. Let k be u(5). Let g be 2/(-4)*k - -31. Let s = g + -10. What is the remainder when s is divided by 11?
9
Calculate the remainder when (1 + 2)/(4/64) is divided by 17.
14
Suppose 0 = -3*n + 4*m + 33, 12*n + 5*m = 9*n + 60. Calculate the remainder when 56 is divided by n.
11
Calculate the remainder when 48 is divided by 3 - 1*28/(-2).
14
Let y(x) = 1. Let z(i) = i**2 + 21*i - 11. Let t(a) = 4*y(a) - z(a). What is the remainder when t(-16) is divided by 24?
23
Suppose 2*k = 5*x + 37, 4*x - x = -2*k + 13. Calculate the remainder when 74 is divided by k.
8
Suppose -l + 7*c = 2*c, 0 = 5*l - 5*c - 80. Let b(u) = 12*u**2 + u + 1. What is the remainder when l is divided by b(-1)?
8
Let r(m) = 41*m - 3. What is the remainder when r(2) is divided by 20?
19
Let p = -228 - -339. Calculate the remainder when p is divided by 20.
11
Let j = 33 + 20. Calculate the remainder when j is divided by 21.
11
Calculate the remainder when 86 is divided by ((-112)/140)/(-2*2/90).
14
What is the remainder when 0/3 - (-130)/5 is divided by 9?
8
Let n = 0 + 4. Suppose -28 = -n*y + 2*y. What is the remainder when 40 is divided by y?
12
Let v(l) = 18*l**2 - l - l + 3*l + 0*l**2. Calculate the remainder when 35 is divided by v(1).
16
Let l = 273 - 186. Calculate the remainder when l is divided by 22.
21
Let p(d) = 25*d**3 - 4*d + 4. What is the remainder when 48 is divided by p(1)?
23
Suppose 6*p = 5*p. Let w(z) = z**2 + 6. What is the remainder when 16 is divided by w(p)?
4
What is the remainder when 38 is divided by 14 + 0*1/4?
10
Let o = 4 + 1. Let y = o - -14. Calculate the remainder when 75 is divided by y.
18
Suppose -s - 14 = -5*f + 21, 3*f - 4*s = 38. What is the remainder when (-2)/4 + 63/6 is divided by f?
4
Let a(c) = c**2 - 2*c - 5. Let r be a(6). Let n = r + 7. Calculate the remainder when n is divided by 14.
12
Let m(b) = 37*b**3 - 2*b + 1. Calculate the remainder when 70 is divided by m(1).
34
Let b = -24 - -15. Let k = b - -15. What is the remainder when 17 is divided by k?
5
What is the remainder when 39 is divided by 10*-3*(-2)/4?
9
Let w(n) = n**2 + 2*n - 5. Let b = -7 + 12. Calculate the remainder when b is divided by w(-4).
2
Suppose 6*z = 4*z + 56. What is the remainder when z is divided by 6?
4
Suppose m - 4*b = 11, -4*m - 6 - 10 = -4*b. What is the remainder when 17 is divided by (m/(-2))/1*2?
8
Let l = -8 - -17. Let r = 9 - l. Suppose r = 4*d - 3*d - 43. What is the remainder when d is divided by 11?
10
Let p(x) = -x**2 + 10*x + 1. Let j(w) = 8*w. What is the remainder when j(8) is divided by p(7)?
20
Let u = -3 + -2. Let d be 1*-1 - (-4 + 2). Calculate the remainder when (-3*d)/(u/25) is divided by 8.
7
Let h(d) = 5*d. Let i = 22 - 10. Calculate the remainder when h(7) is divided by i.
11
Suppose 3*k + 4*m - 229 = -2*k, 3*k = 3*m + 159. Calculate the remainder when k is divided by 17.
15
Let x = 30 + -24. What is the remainder when 22 is divided by x?
4
Let q(w) = -w - 4. Suppose 0 = -3*i - i - 20. Let g be q(i). What is the remainder when 3 is divided by (g*(2 + -1))/1?
0
Suppose 4*r - 785 = -377. Calculate the remainder when r is divided by 21.
18
Suppose 0*o - 2*o = 42. Let f = o + 31. Let l = -63 - -92. What is the remainder when l is divided by f?
9
Let u = 4 + -2. Suppose u*o - 5 = o. Suppose 0 = 3*j - 15 - 24. Calculate the remainder when j is divided by o.
3
Suppose 0 = 4*d - 2*d - 5*t - 13, 0 = 2*d + 2*t + 8. Suppose 2*k + 2*k - 4 = -o, 16 = 4*o - 4*k. What is the remainder when 13 is divided by 2*(-10)/o*d?
3
Suppose -104 + 40 = -4*j. Let x(v) = 4 + 4*v**2 + 3*v**2 - v - 6*v**2. What is the remainder when x(-6) is divided by j?
14
Suppose c - 62 = -4*q, 4*c + 4*q - 356 = -132. Suppose -9 = -2*j - 61. Let k = -12 - j. What is the remainder when c is divided by k?
12
Suppose 0 = -5*m + 2*m + 42. Let z(a) = a**2 + 4*a - 4. Let r be z(-4). What is the remainder when r/(-6) + 158/6 is divided by m?
13
Suppose -6*l + 20 = -11*l. Calculate the remainder when 18 is divided by (-1)/l - (-117)/12.
8
Suppose 2*y + 7*u - 2*u = 29, 3*y = -4*u + 47. Let l = -76 - -126. Calculate the remainder when l is divided by y.
16
Let z be 3/9 + 76/6. Let s = z - 8. Suppose 0 = -4*u + 3*q - 1, s*u = u - 3*q + 17. What is the remainder when 4 is divided by u?
0
Let b = 153 - 38. What is the remainder when b is divided by 21?
10
Let b = 144 - 131. Let k(d) = d + 2. Suppose 5*v - 6 = 19. Calculate the remainder when b is divided by k(v).